e p(-3). Let o = c + 57. Suppose -5*x - 2*v + o = -x, -2*x + v + 18 = 0. Is x prime?
False
Suppose 0*d = 12*d - 5244. Is d a composite number?
True
Let v(l) = -l**2 + 4*l + 7. Let a be v(5). Suppose y = -4, -y + 364 = a*s - 0*y. Suppose 2*z - s - 42 = 0. Is z composite?
False
Suppose -385 = -3*h + 2*z, 0 = -h + 5*z + 32 + 105. Is h composite?
False
Let b(u) = u**2 - 8*u + 1. Is b(10) prime?
False
Suppose 0*x = 2*x - 662. Is x a composite number?
False
Let o = 245 - 158. Suppose 4*u = o + 61. Is u a prime number?
True
Suppose -3*y + 13*y - 310 = 0. Is y a composite number?
False
Suppose 2*b - 80 = -0*b. Let i = b - -86. Let f = i - 73. Is f composite?
False
Let r(n) = -n**3 - 3*n**2 + 3*n + 5. Let m(d) = d**3 + 3*d**2 - 3*d - 2. Let z be m(-4). Is r(z) composite?
True
Let r(z) = 49*z**2 + 3*z - 5. Let i be r(2). Suppose i = l - 198. Is l a prime number?
False
Let d(q) be the second derivative of -q**3/6 - 3*q**2/2 - 3*q. Let s be d(-3). Suppose -3*u + 16 + 5 = s. Is u a prime number?
True
Let q(j) = -j**2 + 15*j + 27. Is q(13) a composite number?
False
Let x = -215 - -403. Suppose 0*l - 2*l - x = 0. Let p = l + 171. Is p a prime number?
False
Let n = -185 - -430. Suppose -6*l + n = -l. Is l a prime number?
False
Let j be (-11)/3 - 1/3. Let s = 7 + j. Suppose 0*v = 2*v - 3*x - 182, -s*x = -4*v + 352. Is v prime?
False
Suppose 2*w = 2*m - 1166, 2*w - 1745 = -3*m + 3*w. Is m composite?
True
Let a(r) = r - 2. Let f be a(2). Let x = f + 5. Suppose 0 = 3*b + 2*w - 19, -b = x*w + 12 - 1. Is b prime?
False
Let a = -10 - -16. Is (-176)/(-3) + (-4)/a a prime number?
False
Is 6/(-6) + 1120/1 a composite number?
True
Suppose -s + 1061 = 2*g - 1030, -2*g - 4 = 0. Is s a prime number?
False
Let b(a) = 3*a - 187. Let u(o) = 8*o - 561. Let n(g) = 11*b(g) - 4*u(g). Let h(x) = x**2 + 9*x + 8. Let p be h(-8). Is n(p) composite?
True
Let u = -27 - -49. Suppose c + c = u. Is c prime?
True
Suppose 4*u - 3*c - 1178 = 167, 2*c + 1346 = 4*u. Is u composite?
False
Suppose 0 = 5*j + 5, 0*j + 9 = 5*p + j. Suppose 6*q - 80 = q. Let d = q - p. Is d a prime number?
False
Suppose -5*f = -647 - 1118. Is f a composite number?
False
Suppose 3 = w - 3. Let n = 11 - w. Suppose n*b - 84 = b. Is b prime?
False
Suppose u + v + 6 = 2*u, -5*v - 10 = 0. Suppose 38 = -0*x + 2*x. Suppose -u*j + x = -117. Is j a composite number?
True
Let l be 10/(-4)*(-16)/20. Is l/(-8) + (-185)/(-4) composite?
True
Suppose -5*n - 14 = -3*c, -5*n + 0*n + c - 8 = 0. Suppose -11 = -4*o + 3*o. Let x = o + n. Is x a composite number?
True
Let a(m) be the second derivative of m**4/12 + 11*m**3/6 - 2*m**2 - m. Let x be a(-12). Is -3 - (-4)/(x/98) a composite number?
True
Let x be 611/2 - 4/8. Suppose -140 = -5*i + x. Is i a prime number?
True
Let d = 671 - 378. Is d composite?
False
Suppose -249 = -4*l + 311. Let f = l + -25. Is f a prime number?
False
Let t = -1 - -320. Is t a composite number?
True
Let n = -1458 + 3893. Is n composite?
True
Let l(w) = w**2 + w - 4. Let u be l(0). Let t = u - -8. Let h(b) = -b**3 + 7*b**2 - b + 3. Is h(t) a composite number?
False
Let q be (-2 + 1)*(3 + -4). Let f = q - 63. Let g = f + 93. Is g composite?
False
Let g(a) be the second derivative of -5*a**3/6 + 2*a**2 - a. Let y be g(5). Is 0 + y*(-1 + 0) prime?
False
Let m(g) = -158*g**3. Is m(-1) a prime number?
False
Let g(h) = 39*h**2 + 9*h - 11. Is g(5) a composite number?
False
Let k(l) = 2*l - 7. Let r be k(5). Is 588 + (2 - (6 - r)) a composite number?
False
Let h(g) = -2*g - 2. Let j be h(-3). Suppose 0 = 4*x + j*z - 668, 50 = -2*x - 5*z + 384. Is x prime?
True
Let d(r) = -r**3 + 2 + 4*r**3 + 1 + 3*r + r**2 - 6*r**2. Is d(4) a prime number?
True
Let y be 3/(6/(-4))*-2. Suppose -x = -4, -y*x - 176 = 3*d - 5*d. Suppose 4*k - 2*m = 78, 3*m = 5*k + 2*m - d. Is k composite?
False
Let c be 5/(-10)*(-2 - 0). Is (1 + c)*(-379)/(-2) a composite number?
False
Let b = 183 + -144. Is b a prime number?
False
Suppose 0 = n - 4*n + 18. Let b = 5 - n. Is b + 2 + 60 - -1 prime?
False
Suppose v = f - 1, -3*f + 4 = -2*v - 4. Suppose n = 2*n - f. Suppose a = -a + n. Is a prime?
True
Suppose -i - 1458 = -2*j, -837 - 633 = -2*j - 2*i. Is j prime?
False
Let a(s) = s**2 + 8*s + 7. Let g be a(-7). Let v(l) = l + 35. Is v(g) a prime number?
False
Is ((-3560)/50)/((-4)/10) a prime number?
False
Let i(g) = -109*g - 67. Is i(-12) a prime number?
False
Let s(l) = -3*l + 1. Let g be s(-2). Let c = g + 0. Suppose -4*r + 69 = -c. Is r a prime number?
True
Let c(d) = -d**3 - 14*d**2 - 10*d + 2. Let p(g) = -5*g**3 - 71*g**2 - 50*g + 10. Let b(t) = 11*c(t) - 2*p(t). Is b(-13) a prime number?
False
Let v(d) = -3*d. Let k be v(-2). Let c be (1 + -10)/(k/(-548)). Is 4/14 + c/14 composite?
False
Let j(f) = 5*f**3 + 7*f**2 + 5*f + 1. Let p(g) = -4*g**3 - 6*g**2 - 5*g. Let a(l) = 5*j(l) + 6*p(l). Is a(4) prime?
False
Is (529 - 3) + 1 + 0 a prime number?
False
Suppose 5*x - 951 = -2*q, -4*x + 2*q + 492 + 276 = 0. Is x a composite number?
False
Let h(z) = z**3 + 7*z**2 - 2*z - 10. Let p be h(-7). Let r = p - 1. Suppose 0 = 5*y + 2*l + r*l - 75, 4*l - 20 = 0. Is y a prime number?
False
Suppose 0 = 4*h - 1737 - 339. Is h a prime number?
False
Suppose 1 = -y + 3. Suppose -2*r - 185 = -s, y*s = -r - r + 370. Is s a composite number?
True
Let y = -982 + 2133. Is y prime?
True
Suppose 3*d + 5*q - 79 - 313 = 0, -q = 2*d - 273. Is d composite?
False
Let a(c) be the second derivative of -31*c**3/3 + 3*c**2 + 3*c. Let z be a(-5). Suppose -2*u - 30 = -z. Is u a composite number?
True
Let r(o) = 11*o**2 + 3*o - 6. Let n be r(-4). Suppose n = 3*f + 11. Is f prime?
False
Suppose -6*y = -4760 - 3346. Is y composite?
True
Suppose 5*p - 784 = 3*g, 5*p - g = -4*g + 796. Is p a prime number?
False
Let v be (-1)/(-2*(-2)/4). Let n be -2*v/(-2) + 0. Let j(o) = 36*o**2 - 1. Is j(n) prime?
False
Let l = -173 + 276. Is l prime?
True
Let i(v) = 32*v - 1. Let n(a) = a**3 + 5*a**2 + 2*a - 3. Let o be n(-4). Is i(o) a prime number?
False
Suppose -2 = 3*g - 8. Suppose -4*i + 30 = g. Let b(n) = 29*n. Is b(i) composite?
True
Suppose -2*n + 0*n = -98. Is n a prime number?
False
Suppose 23 = 4*i - 5*k, 3*k = 4*i + 8*k + 7. Let g(d) = 7*d**2. Let x be g(-2). Let s = x - i. Is s composite?
True
Suppose -14*x = 2*a - 18*x - 10582, 3*x = -4*a + 21208. Is a prime?
False
Suppose -2*o + 10 = j + 3*j, 0 = -j. Suppose -5*m = 5*q - 240, -o*q = 2*m + m - 246. Is q a prime number?
False
Let x(b) = 13*b + 11. Let n(c) = -6*c - 5. Let t(k) = 7*n(k) + 3*x(k). Is t(-13) a composite number?
False
Suppose -2*b + 10 = -q, 4*b - 3*q + 0*q - 20 = 0. Suppose 331 = n + s, -2*s - 1221 = -b*n + 462. Is n prime?
False
Let g(q) = 253*q - 12. Is g(7) prime?
True
Suppose 4*j - 67 = 73. Is j prime?
False
Let b(x) = -121*x - 55. Is b(-6) a prime number?
False
Let y = -32 + 51. Is y a prime number?
True
Is 21/(-7) - (-3799 - 1/1) prime?
True
Suppose -2*m + 6 = 0, -4*f + m = -2*m - 67. Let q = 30 - f. Is q a prime number?
True
Suppose -f = f + 128. Let x = -110 + f. Let p = x - -271. Is p a composite number?
False
Let j(i) = 25*i - 1. Let t be j(5). Suppose 5*y - 321 - t = 0. Is y composite?
False
Suppose 2*l + k = 5, 0 = -l - 0*l + 4*k - 20. Suppose l = -5*o + 65 + 50. Is o composite?
False
Let v = -192 + 491. Is v prime?
False
Suppose 6*c - 9 = 3*c. Suppose -c*v = -2*v + h - 1, 3*v - 5*h = 35. Suppose 635 = v*k - 0*k. Is k a prime number?
True
Let x(k) = 166*k - 5. Is x(7) a prime number?
False
Suppose -4*a + 1440 = 248. Let k = -185 + a. Is k a prime number?
True
Suppose -7*k + 4*k + 366 = 0. Is k - ((8 - 2) + -3) a composite number?
True
Let w(u) = u**3 + 171. Let c be w(0). Let k be ((-9)/(-3) - 5) + c. Suppose -2*f = -k + 51. Is f a composite number?
False
Let o = -16 - -26. Let z(b) = 5*b - 1. Is z(o) prime?
False
Suppose -4*w + 2 = -18. Let o = 3 - w. Is (-2)/(-4) - 105/o a composite number?
False
Let i = -302 - -190. Let x = 251 + i. Is x a prime number?
True
Let v(m) = m**3 - m**2 + 7. Let c be v(6). Suppose j - c = u + 114, -u = 0. Is j a prime number?
False
Let l = 196 - 117. Is l a composite number?
False
Suppose 0*v + 11 = -v. Let p = -6 - v. Suppose -3*u - 26 = -p*u. Is u a prime number?
True
Let i = -325 + 844. Is i prime?
False
Let g(o) = -2 - 7 + 24*o - 17*o. Is g(6) a prime number?
False
Is (-1 + 4)*(3 -